482818127 a composite number?
False
Is 157996600053 a prime number?
False
Is 28712873747 composite?
False
Is 75932823347 prime?
True
Is 189799682 prime?
False
Is 2394311351 a prime number?
False
Is 1099710839 a prime number?
True
Is 13307359771 prime?
True
Is 4001656447 prime?
False
Is 831798499 a composite number?
True
Is 18469871909 a prime number?
True
Is 647084869 prime?
False
Is 1164673309 a composite number?
True
Is 8278433623 a prime number?
False
Is 1406518091 a prime number?
False
Is 782323207 prime?
True
Is 778596869 a prime number?
True
Is 1261073881 composite?
True
Is 636061291 composite?
True
Is 3545845003 composite?
False
Is 1447495099 a prime number?
False
Is 673280939 a prime number?
True
Is 21758253733 a composite number?
False
Is 18981327469 composite?
True
Is 1286553377 a prime number?
True
Is 120169061 composite?
False
Is 170256798857 prime?
False
Is 4465017413 composite?
True
Is 56553132019 prime?
True
Is 4519755349 a prime number?
True
Is 3531171407 composite?
False
Is 2098184681 a composite number?
False
Is 1470083579 a prime number?
False
Is 6148763431 a composite number?
False
Is 365226157 a prime number?
True
Is 6378569657 prime?
True
Is 732084697 a prime number?
True
Is 861189137 a composite number?
False
Is 8026909859 a prime number?
True
Is 300077449 prime?
False
Is 1641512755 composite?
True
Is 1871723261 a prime number?
True
Is 62759923267 composite?
True
Is 1673523361 composite?
False
Is 2405895677 composite?
True
Is 4708652561 a composite number?
True
Is 814175419 a prime number?
False
Is 1005178303 a composite number?
False
Is 562451053 a composite number?
True
Is 553786711549 a composite number?
False
Is 319405871 prime?
True
Is 397022473 a prime number?
False
Is 64737437 a prime number?
True
Is 24426859651 a composite number?
False
Is 2992966817 prime?
True
Is 356381953 a composite number?
False
Is 1135475687 composite?
True
Is 6679610557 a composite number?
False
Is 492755831 a prime number?
True
Is 10484043887 a composite number?
True
Is 285543617 a composite number?
False
Is 18298733021 a prime number?
True
Is 683944967 prime?
True
Is 2155704487 composite?
True
Is 6567667057 composite?
True
Is 4844205341 composite?
False
Is 176686984037 prime?
True
Is 818915723 prime?
True
Is 9971180003 a composite number?
True
Is 9747658397 a prime number?
True
Is 2437503283 a composite number?
True
Is 1446122917 prime?
True
Is 10195553773 a composite number?
False
Is 454437439703 a composite number?
True
Is 18039604741 prime?
True
Is 314513313 a composite number?
True
Is 3339669703 composite?
True
Is 1271398969 a prime number?
True
Is 147205613 composite?
False
Is 1317926977 prime?
True
Is 1750060157 prime?
True
Is 1155576469 a composite number?
True
Is 178312993 prime?
True
Is 2717976127 composite?
False
Is 2317146211 prime?
False
Is 94002619237 composite?
True
Is 3863422681 a prime number?
True
Is 521723471 a prime number?
False
Is 2192813101 a composite number?
False
Is 39462494537 composite?
False
Is 6007535011 a prime number?
True
Is 2577268513 a prime number?
True
Is 8536165679 a composite number?
True
Is 2052016429 prime?
False
Is 17987726369 prime?
False
Is 579357901 a composite number?
False
Is 3386585429 a prime number?
False
Is 1711394129 a composite number?
True
Is 99585352109 a composite number?
False
Is 178220089 prime?
True
Is 9380507447 composite?
True
Is 48382501639 prime?
True
Is 718801879 a composite number?
True
Is 1425362683 a composite number?
False
Is 934179853 prime?
True
Is 49528195127 composite?
True
Is 2021291453 a prime number?
True
Is 65829251359 composite?
False
Is 6542561773 a composite number?
True
Is 15768460021 prime?
True
Is 2990545717 a prime number?
False
Is 2363211757 a prime number?
True
Is 9111418933 a composite number?
False
Is 11350081097 composite?
False
Is 72387293879 prime?
True
Is 16454491 a prime number?
True
Is 9352664602 prime?
False
Is 52268983687 prime?
True
Is 405715799 composite?
True
Is 9834494759 a composite number?
False
Is 41872869433 prime?
False
Is 1633164389 prime?
False
Is 15179378003 a composite number?
False
Is 726777515 composite?
True
Is 3790804483 prime?
False
Is 51622456493 a composite number?
False
Is 99673149377 prime?
False
Is 28114555831 composite?
True
Is 3993257039 composite?
True
Is 2126928619 a prime number?
True
Is 35491962349 a composite number?
False
Is 52657746697 prime?
True
Is 550743419 a composite number?
False
Is 460673189 composite?
False
Is 11304301889 composite?
False
Is 12336678181 a composite number?
True
Is 13052166659 composite?
True
Is 1191887605 prime?
False
Is 48318113 prime?
True
Is 69343111393 a composite number?
False
Is 740591153 prime?
True
Is 2142155135 composite?
True
Is 81153776057 prime?
True
Is 14968413517 composite?
True
Is 27183679399 prime?
False
Is 23504911 prime?
True
Is 7277655146 a prime number?
False
Is 85332708511 composite?
False
Is 17092568063 a prime number?
False
Is 598480057 prime?
False
Is 3062604511 prime?
False
Is 15964848421 prime?
True
Is 4194645109 a prime number?
False
Is 2395964243 a composite number?
True
Is 4983794909 a composite number?
True
Is 966669541 composite?
True
Is 148117769 a composite number?
True
Is 204388861 a composite number?
False
Is 13436830219 prime?
True
Is 4341107941 composite?
True
Is 6795496571 a composite number?
True
Is 420854221 a prime number?
True
Is 1669506809 composite?
False
Is 19981563607 a prime number?
True
Is 612061169 composite?
False
Is 3497980597 a prime number?
True
Is 1096429277 prime?
False
Is 54178163 composite?
True
Is 18133284805 composite?
True
Is 3190987897 a prime number?
False
Is 64615331527 a prime number?
True
Is 28953724307 composite?
False
Is 43372183903 a composite number?
False
Is 2011778941 prime?
True
Is 1149030109 a prime number?
False
Is 4257349387 composite?
True
Is 288584869 prime?
True
Is 56308661 prime?
True
Is 11898259 composite?
True
Is 2780250191 prime?
True
Is 257869849 prime?
True
Is 5634887321 prime?
False
Is 28437059041 a composite number?
True
Is 732134371 a prime number?
True
Is 56253039209 composite?
False
Is 665585399 prime?
True
Is 1699404351 composite?
True
Is 1688223073 composite?
False
Is 2083563917 prime?
True
Is 288041813 composite?
False
Is 1184488597 a prime number?
True
Is 3162169637 a composite number?
True
Is 230323233359 a prime number?
True
Is 48170708771 a composite number?
False
Is 20359313885 a composite number?
True
Is 887421055 a composite number?
True
Is 26650091249 prime?
True
Is 8315090807 prime?
True
Is 8871032059 a prime number?
True
Is 500581493 composite?
False
Is 119518771 composite?
False
Is 5733415617 prime?
False
Is 6476865643 a composite number?
False
Is 12686051605 prime?
False
Is 1157985299 a prime number?
False
Is 137500723 a prime number?
False
Is 34719551 a composite number?
True
Is 3922079053 a composite number?
False
Is 384170757631 composite?
False
Is 2519562527 a prime number?
True
Is 628449853 a composite number?
False
Is 1135375939 a composite number?
True
Is 42844296347 composite?
False
Is 9126982231 composite?
False
Is 63484311473 composite?
True
Is 6589459927 a composite number?
False
Is 21229823761 a prime number?
True
Is 17705234753 a composite number?
False
Is 2023164827 prime?
True
Is 72763829 a prime number?
True
Is 45998835293 prime?
False
Is 955537217 a prime number?
True
Is 2504372657 a prime number?
True
Is 78813020515 composite?
True
Is 9415466063 composite?
True
Is 8686195957 a composite number?
True
Is 251040411053 prime?
False
Is 16234938241 a composite number?
True
Is 1681083979 prime?
True
Is 18172810219 prime?
False
Is 16863082469 a composite number?
False
Is 3509332511 prime?
False
Is 11783752693 composite?
False
Is 53410781419 composite?
False
Is 30192382757 prime?
True
Is 8597194493 prime?
False
Is 44024693683 a prime number?
True
Is 5243030371 a composite number?
False
Is 350853493 composite?
True
Is 3828185363 a prime number?
True
Is 3207863657 prime?
False
Is 4454872531 a prime number?
False
Is 1059694063 composite?
False
Is 6515982491 a prime number?
True
Is 1904044889 a prime number?
True
Is 638832163 a prime number?
False
Is 5219205169 prime?
False
Is 24475874307 composite?
True
Is 4541039219 prime?
False
Is 1335871343 a composite number?
True
Is 15744